n divisor of 52029 and 46953?
1269
What is the highest common divisor of 6913 and 35309?
31
What is the highest common factor of 78630 and 5?
5
What is the highest common factor of 153760 and 1085?
155
Calculate the highest common factor of 12737 and 5405.
47
What is the greatest common divisor of 5906 and 6?
2
Calculate the highest common divisor of 257 and 1799.
257
What is the highest common factor of 2 and 70113?
1
What is the greatest common factor of 25152 and 424?
8
Calculate the highest common factor of 8037 and 114.
57
What is the greatest common divisor of 5336 and 4147?
29
Calculate the highest common factor of 108 and 708804.
108
Calculate the greatest common divisor of 97448 and 91.
13
What is the greatest common divisor of 1913587 and 3484?
871
Calculate the highest common factor of 50 and 306825.
25
Calculate the highest common factor of 339810 and 282.
282
What is the greatest common divisor of 589492 and 578?
34
Calculate the highest common factor of 78383 and 103.
103
Calculate the highest common factor of 10146 and 38804.
178
What is the highest common divisor of 13 and 27521?
13
What is the highest common factor of 12070 and 1278?
142
What is the greatest common factor of 351 and 1487772?
117
What is the highest common divisor of 5 and 841090?
5
Calculate the highest common factor of 225094 and 5302.
482
What is the highest common divisor of 1264 and 7464868?
316
What is the greatest common factor of 9722 and 38?
2
Calculate the greatest common factor of 1639 and 4708.
11
Calculate the greatest common factor of 122000 and 240.
80
Calculate the highest common divisor of 51714 and 510.
102
What is the highest common factor of 30388 and 1819?
107
What is the highest common divisor of 39889 and 226?
113
Calculate the greatest common divisor of 1380160 and 227.
227
What is the highest common divisor of 772154 and 116?
58
What is the greatest common factor of 570504 and 264?
264
What is the greatest common factor of 32 and 7870?
2
Calculate the greatest common factor of 1344 and 4494.
42
Calculate the highest common factor of 168 and 1017324.
84
Calculate the greatest common divisor of 37114 and 33.
11
Calculate the greatest common factor of 1802 and 4488.
34
What is the highest common divisor of 48830 and 1900?
190
What is the highest common divisor of 2970 and 6300?
90
What is the greatest common divisor of 50327 and 3412?
853
What is the highest common factor of 35640 and 2610?
90
What is the highest common factor of 461601 and 119?
119
What is the greatest common divisor of 376315 and 146?
73
Calculate the greatest common factor of 226044 and 21.
21
What is the highest common factor of 918 and 442?
34
What is the greatest common factor of 37600 and 75?
25
What is the greatest common factor of 99341 and 605?
121
What is the greatest common factor of 313490 and 460?
230
What is the highest common divisor of 198 and 902?
22
What is the greatest common divisor of 26792 and 178088?
1576
What is the greatest common divisor of 44 and 1397836?
44
What is the highest common divisor of 835 and 15985?
5
What is the greatest common divisor of 26244 and 6696?
108
What is the greatest common factor of 2296 and 1968?
328
Calculate the greatest common factor of 112938 and 84.
42
Calculate the greatest common factor of 1125275 and 3450.
575
What is the greatest common factor of 1248152 and 24?
8
What is the greatest common divisor of 27753 and 264?
33
Calculate the highest common factor of 13 and 875199.
13
Calculate the highest common factor of 33 and 317262.
33
Calculate the greatest common factor of 30 and 395950.
10
What is the highest common divisor of 130 and 162?
2
What is the greatest common divisor of 300006 and 36?
18
What is the greatest common divisor of 18450 and 52890?
1230
Calculate the greatest common factor of 358 and 145169.
179
What is the highest common divisor of 155 and 2470917?
31
Calculate the highest common divisor of 623010 and 570.
570
Calculate the highest common factor of 282 and 753222.
282
What is the greatest common factor of 2862475 and 350?
175
What is the highest common factor of 18905 and 380?
95
Calculate the highest common divisor of 123 and 866658.
123
Calculate the greatest common divisor of 14080 and 2860.
220
Calculate the highest common factor of 164 and 1048.
4
Calculate the greatest common divisor of 1392 and 376014.
174
Calculate the highest common divisor of 12238 and 10440.
58
What is the greatest common factor of 8631 and 13563?
1233
What is the highest common factor of 2742520 and 11?
11
Calculate the greatest common divisor of 8556 and 2232.
372
Calculate the greatest common divisor of 129 and 7329.
3
What is the greatest common divisor of 164523 and 10461?
951
What is the greatest common divisor of 86425 and 25?
25
What is the highest common factor of 1456 and 77?
7
What is the greatest common divisor of 126 and 3830?
2
What is the greatest common divisor of 112788 and 468?
468
Calculate the greatest common factor of 28488 and 144.
24
Calculate the greatest common factor of 376 and 2787288.
376
What is the highest common divisor of 422910 and 2997?
333
What is the highest common divisor of 869275 and 55?
55
What is the greatest common divisor of 71028 and 372?
12
Calculate the greatest common divisor of 596 and 29.
1
Calculate the greatest common divisor of 56 and 681832.
8
What is the highest common divisor of 148 and 587893?
37
What is the highest common factor of 5598860 and 542?
542
What is the greatest common divisor of 160 and 16880?
80
Calculate the greatest common factor of 15 and 205815.
15
Calculate the greatest common divisor of 540 and 14548.
4
Calculate the highest common divisor of 9276 and 384.
12
Calculate the highest common factor of 8944 and 351.
13
Calculate the greatest common divisor of 560454 and 348.
174
What is the highest common factor of 1911 and 189?
21
Calculate the greatest common divisor of 3 and 733371.
3
Calculate the greatest common divisor of 345 and 1101171.
69
Calculate the greatest common factor of 11570 and 215.
5
What is the greatest common factor of 23256 and 608?
152
What is the highest common factor of 6234 and 18?
6
Calculate the greatest common divisor of 34812 and 346.
2
Calculate the greatest common divisor of 2827 and 209.
11
Calculate the highest common divisor of 406 and 1388723.
203
What is the greatest common divisor of 22 and 93566?
22
Calculate the greatest common divisor of 73876 and 414.
46
What is the greatest common divisor of 28675 and 666?
37
What is the highest common factor of 17531 and 83179?
373
Calculate the greatest common factor of 478 and 36089.
239
Calculate the highest common factor of 6697 and 15023.
181
Calculate the highest common factor of 31760 and 156418.
794
What is the highest common factor of 70752 and 683199?
2211
Calculate the highest common factor of 15392 and 2496.
416
What is the highest common factor of 9 and 349479?
9
What is the highest common divisor of 112482 and 702?
54
Calculate the greatest common factor of 40905 and 25515.
405
What is the greatest common divisor of 806 and 589?
31
What is the greatest common factor of 29776 and 64?
16
Calculate the greatest common divisor of 39546 and 3549.
507
What is the highest common factor of 102 and 202215?
51
Calculate the highest common factor of 286 and 23881.
143
What is the highest common divisor of 2156 and 7129892?
2156
Calculate the greatest common factor of 1343 and 869.
79
Calculate the highest common divisor of 43 and 531695.
43
What is the highest common factor of 2430 and 33330?
30
Calculate the greatest common divisor of 130247 and 1118.
559
What is the highest common factor of 172534 and 2248?
562
Calculate the highest common factor of 64204 and 308.
28
Calculate the highest common divisor of 162244 and 9212.
188
Calculate the greatest common divisor of 135 and 1180629.
27
Calculate the highest common divisor of 53713 and 2570.
257
What is the highest common divisor of 127449 and 63?
63
Calculate the greatest common factor of 618 and 6582.
6
Calculate the greatest common factor of 684 and 1548.
36
Calculate the highest common divisor of 559250 and 1500.
250
Calculate the highest common divisor of 62397 and 108.
27
What is the greatest common 